hest common divisor of 318 and 186?
6
What is the greatest common factor of 5343 and 39?
39
What is the greatest common factor of 95 and 10?
5
What is the highest common factor of 104 and 78?
26
Calculate the greatest common factor of 25 and 4775.
25
What is the greatest common divisor of 336 and 623?
7
What is the highest common factor of 8244 and 24?
12
What is the highest common factor of 243 and 621?
27
What is the greatest common divisor of 197 and 32111?
197
Calculate the highest common divisor of 1333 and 248.
31
Calculate the highest common factor of 3765 and 30.
15
Calculate the highest common divisor of 22387 and 1101.
367
What is the highest common divisor of 6 and 3882?
6
Calculate the highest common divisor of 4500 and 720.
180
Calculate the greatest common divisor of 3182 and 962.
74
Calculate the highest common factor of 182 and 28.
14
Calculate the highest common factor of 2869 and 151.
151
Calculate the greatest common factor of 129 and 2967.
129
Calculate the greatest common divisor of 116 and 6.
2
Calculate the highest common divisor of 106 and 142782.
106
Calculate the highest common factor of 117 and 91.
13
Calculate the highest common factor of 120 and 285.
15
What is the highest common factor of 137 and 1781?
137
What is the highest common divisor of 7808 and 122?
122
Calculate the highest common divisor of 6864 and 1848.
264
What is the highest common divisor of 2193 and 51?
51
What is the highest common divisor of 80 and 2160?
80
What is the greatest common factor of 36 and 738?
18
Calculate the highest common factor of 8 and 1000.
8
What is the highest common factor of 364 and 1846?
26
What is the greatest common divisor of 612 and 108?
36
What is the greatest common divisor of 119 and 4301?
17
What is the greatest common factor of 55 and 935?
55
What is the highest common factor of 900 and 24900?
300
Calculate the highest common divisor of 740 and 111.
37
Calculate the greatest common factor of 2657 and 1.
1
Calculate the greatest common factor of 3 and 6.
3
What is the greatest common divisor of 6 and 150?
6
What is the greatest common factor of 1162 and 6?
2
Calculate the highest common factor of 160 and 30.
10
What is the highest common divisor of 46 and 782?
46
Calculate the highest common divisor of 616 and 1408.
88
What is the greatest common divisor of 5440 and 80?
80
Calculate the greatest common factor of 6146 and 56.
14
What is the greatest common factor of 289 and 51?
17
Calculate the highest common factor of 80 and 120.
40
What is the greatest common divisor of 24 and 5052?
12
What is the highest common divisor of 59 and 59?
59
What is the highest common factor of 28 and 35?
7
What is the highest common divisor of 23 and 3?
1
Calculate the greatest common factor of 76 and 190.
38
What is the highest common factor of 9 and 570?
3
Calculate the greatest common factor of 112 and 280.
56
What is the greatest common factor of 35 and 24045?
35
Calculate the highest common factor of 490 and 140.
70
Calculate the highest common factor of 33 and 4.
1
What is the greatest common factor of 3636 and 36?
36
Calculate the highest common divisor of 900 and 4.
4
What is the greatest common divisor of 4777 and 17?
17
Calculate the greatest common divisor of 392 and 28616.
392
What is the highest common factor of 20 and 580?
20
What is the greatest common divisor of 7024 and 64?
16
Calculate the greatest common factor of 1426 and 62.
62
Calculate the highest common factor of 444 and 1152.
12
What is the highest common divisor of 16 and 80?
16
Calculate the greatest common factor of 11 and 121.
11
Calculate the greatest common factor of 465 and 105.
15
What is the highest common divisor of 238 and 34?
34
Calculate the highest common factor of 195 and 5980.
65
What is the highest common factor of 138 and 92?
46
What is the greatest common divisor of 150 and 1275?
75
What is the greatest common divisor of 20 and 512?
4
Calculate the highest common divisor of 9 and 3279.
3
Calculate the greatest common divisor of 1452 and 297.
33
What is the highest common factor of 196 and 539?
49
What is the highest common factor of 11 and 539?
11
Calculate the greatest common factor of 133 and 1463.
133
Calculate the highest common factor of 6 and 9.
3
What is the greatest common divisor of 1914 and 363?
33
What is the highest common divisor of 182 and 14?
14
What is the greatest common divisor of 27 and 50733?
27
Calculate the highest common divisor of 242 and 99.
11
Calculate the greatest common factor of 316 and 2449.
79
Calculate the greatest common factor of 3686 and 1552.
194
Calculate the highest common factor of 46 and 67666.
46
What is the greatest common divisor of 7 and 1589?
7
What is the greatest common divisor of 20 and 2500?
20
Calculate the greatest common divisor of 28 and 36.
4
What is the highest common factor of 45 and 360?
45
Calculate the greatest common factor of 530 and 10.
10
Calculate the highest common divisor of 837 and 93.
93
Calculate the highest common factor of 259 and 407.
37
Calculate the highest common factor of 22586 and 46.
46
Calculate the greatest common factor of 84 and 756.
84
What is the greatest common divisor of 336 and 1456?
112
Calculate the highest common divisor of 36 and 708.
12
What is the highest common factor of 48 and 168?
24
What is the greatest common divisor of 5891 and 137?
137
Calculate the greatest common factor of 125 and 600.
25
What is the greatest common factor of 162 and 31914?
162
What is the highest common factor of 299 and 92?
23
Calculate the highest common factor of 1350 and 558.
18
Calculate the greatest common factor of 2451 and 57.
57
Calculate the highest common factor of 31 and 51212.
31
What is the greatest common factor of 35235 and 30?
15
Calculate the highest common factor of 25 and 575.
25
What is the highest common factor of 108 and 828?
36
What is the greatest common divisor of 12960 and 72?
72
Calculate the greatest common factor of 305 and 33855.
305
What is the highest common factor of 74 and 73778?
74
What is the highest common factor of 4512 and 240?
48
Calculate the highest common factor of 2105 and 25.
5
Calculate the greatest common divisor of 663 and 1173.
51
What is the highest common factor of 160 and 192?
32
What is the greatest common divisor of 30 and 1065?
15
Calculate the highest common divisor of 994 and 284.
142
Calculate the greatest common divisor of 1285 and 514.
257
Calculate the highest common divisor of 10 and 3130.
10
What is the highest common factor of 2822 and 102?
34
What is the highest common divisor of 3042 and 1586?
26
What is the highest common divisor of 27 and 459?
27
Calculate the greatest common divisor of 624 and 120.
24
What is the greatest common divisor of 24 and 30036?
12
What is the highest common factor of 344 and 16?
8
Calculate the highest common divisor of 316 and 4.
4
What is the greatest common divisor of 4541 and 19?
19
What is the highest common divisor of 1672 and 608?
152
What is the highest common divisor of 70 and 238?
14
What is the highest common divisor of 4859 and 1017?
113
Calculate the highest common divisor of 26 and 325.
13
Calculate the greatest common divisor of 3520 and 770.
110
Calculate the greatest common factor of 67 and 2.
1
Calculate the greatest common divisor of 222 and 259.
37
What is the greatest common divisor of 13 and 2223?
13
Calculate the greatest common factor of 1712 and 16.
16
What is the greatest common divisor of 4307 and 584?
73
What is the highest common divisor of 9 and 1467?
9
What is the greatest common factor of 35 and 441?
7
Calculate the greatest common divisor of 1632 and 102.
102
Calculate the highest common divisor of 1288 and 112.
56
Calculate the highest common divisor of 1544 and 16.
8
Calculate the highest common divisor of 110 and 955.
5
What is the greatest common factor of 51 and 68?
17
What is the greatest common factor of 7260 and 120?
60
Calculate the greatest common divisor of 592 and 400.
16
Calculate the greatest common factor of 60640 and 40.
40
What is the highest common divisor of 8 and 428?
4
What is the greatest common factor of 34 and 3077?
17
What is the greatest common factor of 664 and 12?
4
What is the highest common factor of 1114 and 4?